{"id":167,"date":"2020-09-04T16:33:53","date_gmt":"2020-09-04T14:33:53","guid":{"rendered":"https:\/\/rosatheuer.com\/?page_id=167"},"modified":"2023-07-10T18:07:38","modified_gmt":"2023-07-10T16:07:38","slug":"kosmovision-maya","status":"publish","type":"page","link":"https:\/\/rosatheuer.com\/?page_id=167","title":{"rendered":"Kosmovision MAYA"},"content":{"rendered":"\t\t<div data-elementor-type=\"wp-page\" data-elementor-id=\"167\" class=\"elementor elementor-167\" data-elementor-settings=\"[]\">\n\t\t\t\t\t\t<div class=\"elementor-inner\">\n\t\t\t\t\t\t\t<div class=\"elementor-section-wrap\">\n\t\t\t\t\t\t\t<section class=\"elementor-section elementor-top-section elementor-element elementor-element-e8c1cca elementor-section-boxed elementor-section-height-default elementor-section-height-default\" data-id=\"e8c1cca\" data-element_type=\"section\">\n\t\t\t\t\t\t<div class=\"elementor-container elementor-column-gap-default\">\n\t\t\t\t\t\t\t<div class=\"elementor-row\">\n\t\t\t\t\t<div class=\"elementor-column elementor-col-100 elementor-top-column elementor-element elementor-element-919793c\" data-id=\"919793c\" data-element_type=\"column\">\n\t\t\t<div class=\"elementor-column-wrap elementor-element-populated\">\n\t\t\t\t\t\t\t<div class=\"elementor-widget-wrap\">\n\t\t\t\t\t\t<div class=\"elementor-element elementor-element-32eefb0 elementor-widget elementor-widget-heading\" data-id=\"32eefb0\" data-element_type=\"widget\" data-widget_type=\"heading.default\">\n\t\t\t\t<div class=\"elementor-widget-container\">\n\t\t\t<h2 class=\"elementor-heading-title elementor-size-large\">Die KOSMOVISION MAYA lebt!<\/h2>\t\t<\/div>\n\t\t\t\t<\/div>\n\t\t\t\t\t\t<\/div>\n\t\t\t\t\t<\/div>\n\t\t<\/div>\n\t\t\t\t\t\t\t\t<\/div>\n\t\t\t\t\t<\/div>\n\t\t<\/section>\n\t\t\t\t<section class=\"elementor-section elementor-top-section elementor-element elementor-element-40cf6a7 elementor-section-boxed elementor-section-height-default elementor-section-height-default\" data-id=\"40cf6a7\" data-element_type=\"section\">\n\t\t\t\t\t\t<div class=\"elementor-container elementor-column-gap-default\">\n\t\t\t\t\t\t\t<div class=\"elementor-row\">\n\t\t\t\t\t<div class=\"elementor-column elementor-col-100 elementor-top-column elementor-element elementor-element-591e9c5\" data-id=\"591e9c5\" data-element_type=\"column\">\n\t\t\t<div class=\"elementor-column-wrap elementor-element-populated\">\n\t\t\t\t\t\t\t<div class=\"elementor-widget-wrap\">\n\t\t\t\t\t\t<div class=\"elementor-element elementor-element-4ff9472 elementor-widget elementor-widget-text-editor\" data-id=\"4ff9472\" data-element_type=\"widget\" data-widget_type=\"text-editor.default\">\n\t\t\t\t<div class=\"elementor-widget-container\">\n\t\t\t\t\t<div class=\"elementor-text-editor elementor-clearfix\"><p style=\"text-align: center;\">Die Kosmovision MAYA ist das Verm\u00e4chtnis der gro\u00dfen Weisen des MAYA-Volkes, die das Wissen \u00fcber die Zusammenh\u00e4nge von Kosmos und Mensch, vom g\u00f6ttlichen Ursprung der Sch\u00f6pfung und vom Weg der Menschheit bewahrt haben.<\/p><\/div>\n\t\t\t\t<\/div>\n\t\t\t\t<\/div>\n\t\t\t\t\t\t<\/div>\n\t\t\t\t\t<\/div>\n\t\t<\/div>\n\t\t\t\t\t\t\t\t<\/div>\n\t\t\t\t\t<\/div>\n\t\t<\/section>\n\t\t\t\t<section class=\"elementor-section elementor-top-section elementor-element elementor-element-016ecd3 elementor-section-boxed elementor-section-height-default elementor-section-height-default\" data-id=\"016ecd3\" data-element_type=\"section\">\n\t\t\t\t\t\t<div class=\"elementor-container elementor-column-gap-default\">\n\t\t\t\t\t\t\t<div class=\"elementor-row\">\n\t\t\t\t\t<div class=\"elementor-column elementor-col-50 elementor-top-column elementor-element elementor-element-7858048\" data-id=\"7858048\" data-element_type=\"column\">\n\t\t\t<div class=\"elementor-column-wrap elementor-element-populated\">\n\t\t\t\t\t\t\t<div class=\"elementor-widget-wrap\">\n\t\t\t\t\t\t<div class=\"elementor-element elementor-element-d0f0f88 elementor-widget elementor-widget-image\" data-id=\"d0f0f88\" data-element_type=\"widget\" data-widget_type=\"image.default\">\n\t\t\t\t<div class=\"elementor-widget-container\">\n\t\t\t\t\t<div class=\"elementor-image\">\n\t\t\t\t\t\t\t\t\t\t<img src=\"https:\/\/rosatheuer.com\/wp-content\/uploads\/elementor\/thumbs\/Kosmovision-owfdc3xd4jqhv5ssi5m6ve467ib06dkjt84eph4yck.jpg\" title=\"Kosmovision\" alt=\"Kosmovision\" \/>\t\t\t\t\t\t\t\t\t\t\t<\/div>\n\t\t\t\t<\/div>\n\t\t\t\t<\/div>\n\t\t\t\t\t\t<\/div>\n\t\t\t\t\t<\/div>\n\t\t<\/div>\n\t\t\t\t<div class=\"elementor-column elementor-col-50 elementor-top-column elementor-element elementor-element-eabd379\" data-id=\"eabd379\" data-element_type=\"column\">\n\t\t\t<div class=\"elementor-column-wrap elementor-element-populated\">\n\t\t\t\t\t\t\t<div class=\"elementor-widget-wrap\">\n\t\t\t\t\t\t<div class=\"elementor-element elementor-element-f2264bc elementor-widget elementor-widget-image\" data-id=\"f2264bc\" data-element_type=\"widget\" data-widget_type=\"image.default\">\n\t\t\t\t<div class=\"elementor-widget-container\">\n\t\t\t\t\t<div class=\"elementor-image\">\n\t\t\t\t\t\t\t\t\t\t<img src=\"https:\/\/rosatheuer.com\/wp-content\/uploads\/elementor\/thumbs\/Kosmovision-1-scaled-owfd64obnhju0ghgf2kmiefm69ry7ou0nmq7t403xg.jpg\" title=\"Kosmovision 1\" alt=\"Kosmovision 1\" \/>\t\t\t\t\t\t\t\t\t\t\t<\/div>\n\t\t\t\t<\/div>\n\t\t\t\t<\/div>\n\t\t\t\t\t\t<\/div>\n\t\t\t\t\t<\/div>\n\t\t<\/div>\n\t\t\t\t\t\t\t\t<\/div>\n\t\t\t\t\t<\/div>\n\t\t<\/section>\n\t\t\t\t<section class=\"elementor-section elementor-top-section elementor-element elementor-element-8505574 elementor-section-boxed elementor-section-height-default elementor-section-height-default\" data-id=\"8505574\" data-element_type=\"section\">\n\t\t\t\t\t\t<div class=\"elementor-container elementor-column-gap-default\">\n\t\t\t\t\t\t\t<div class=\"elementor-row\">\n\t\t\t\t\t<div class=\"elementor-column elementor-col-100 elementor-top-column elementor-element elementor-element-b0c41ee\" data-id=\"b0c41ee\" data-element_type=\"column\">\n\t\t\t<div class=\"elementor-column-wrap elementor-element-populated\">\n\t\t\t\t\t\t\t<div class=\"elementor-widget-wrap\">\n\t\t\t\t\t\t<div class=\"elementor-element elementor-element-c555a05 elementor-widget elementor-widget-text-editor\" data-id=\"c555a05\" data-element_type=\"widget\" data-widget_type=\"text-editor.default\">\n\t\t\t\t<div class=\"elementor-widget-container\">\n\t\t\t\t\t<div class=\"elementor-text-editor elementor-clearfix\"><p style=\"text-align: center;\">Norbert Muigg ist Br\u00fcckenbauer, MAYA-Priester, Schamane, Heiler, Buchautor und Seelencoach. Auf einem alten Heiligen Platz im Hochland von Guatemala hat er das CENTRO PAZ MUNDO f\u00fcr den Weltenfrieden errichtet.<\/p><p style=\"text-align: center;\">Mit viel Erfahrung und Know how bringt er die Kosmovision MAYA nahe und macht dieses alte und doch aktuelle Wissen lebendig.<\/p><p style=\"text-align: center;\">Auf seiner Homepage lehrt er diesen Weisheitsschatz und gibt auch \u00fcber Videos sein fundiertes Wissen weiter. \u00a0\u00a0<\/p><p style=\"text-align: center;\"><a href=\"https:\/\/www.pazmundo.com\/\" target=\"_blank\" rel=\"noopener\"><strong>www.pazmundo.com<\/strong><\/a><\/p><\/div>\n\t\t\t\t<\/div>\n\t\t\t\t<\/div>\n\t\t\t\t\t\t<\/div>\n\t\t\t\t\t<\/div>\n\t\t<\/div>\n\t\t\t\t\t\t\t\t<\/div>\n\t\t\t\t\t<\/div>\n\t\t<\/section>\n\t\t\t\t<section class=\"elementor-section elementor-top-section elementor-element elementor-element-fd5b6dc elementor-section-boxed elementor-section-height-default elementor-section-height-default\" data-id=\"fd5b6dc\" data-element_type=\"section\">\n\t\t\t\t\t\t<div class=\"elementor-container elementor-column-gap-default\">\n\t\t\t\t\t\t\t<div class=\"elementor-row\">\n\t\t\t\t\t<div class=\"elementor-column elementor-col-100 elementor-top-column elementor-element elementor-element-dd3e36b\" data-id=\"dd3e36b\" data-element_type=\"column\">\n\t\t\t<div class=\"elementor-column-wrap elementor-element-populated\">\n\t\t\t\t\t\t\t<div class=\"elementor-widget-wrap\">\n\t\t\t\t\t\t<div class=\"elementor-element elementor-element-417fcb0 elementor-widget elementor-widget-image\" data-id=\"417fcb0\" data-element_type=\"widget\" data-widget_type=\"image.default\">\n\t\t\t\t<div class=\"elementor-widget-container\">\n\t\t\t\t\t<div class=\"elementor-image\">\n\t\t\t\t\t\t\t\t\t\t<img width=\"1024\" height=\"768\" src=\"https:\/\/rosatheuer.com\/wp-content\/uploads\/2020\/10\/XIBALBA-im-Wasser-1024x768.jpg\" class=\"attachment-large size-large\" alt=\"\" loading=\"lazy\" srcset=\"https:\/\/rosatheuer.com\/wp-content\/uploads\/2020\/10\/XIBALBA-im-Wasser-1024x768.jpg 1024w, https:\/\/rosatheuer.com\/wp-content\/uploads\/2020\/10\/XIBALBA-im-Wasser-300x225.jpg 300w, https:\/\/rosatheuer.com\/wp-content\/uploads\/2020\/10\/XIBALBA-im-Wasser-768x576.jpg 768w, https:\/\/rosatheuer.com\/wp-content\/uploads\/2020\/10\/XIBALBA-im-Wasser-1536x1152.jpg 1536w, https:\/\/rosatheuer.com\/wp-content\/uploads\/2020\/10\/XIBALBA-im-Wasser-2048x1536.jpg 2048w\" sizes=\"(max-width: 1024px) 100vw, 1024px\" \/>\t\t\t\t\t\t\t\t\t\t\t<\/div>\n\t\t\t\t<\/div>\n\t\t\t\t<\/div>\n\t\t\t\t\t\t<\/div>\n\t\t\t\t\t<\/div>\n\t\t<\/div>\n\t\t\t\t\t\t\t\t<\/div>\n\t\t\t\t\t<\/div>\n\t\t<\/section>\n\t\t\t\t<section class=\"elementor-section elementor-top-section elementor-element elementor-element-8774944 elementor-section-boxed elementor-section-height-default elementor-section-height-default\" data-id=\"8774944\" data-element_type=\"section\">\n\t\t\t\t\t\t<div class=\"elementor-container elementor-column-gap-default\">\n\t\t\t\t\t\t\t<div class=\"elementor-row\">\n\t\t\t\t\t<div class=\"elementor-column elementor-col-100 elementor-top-column elementor-element elementor-element-c384095\" data-id=\"c384095\" data-element_type=\"column\">\n\t\t\t<div class=\"elementor-column-wrap elementor-element-populated\">\n\t\t\t\t\t\t\t<div class=\"elementor-widget-wrap\">\n\t\t\t\t\t\t<div class=\"elementor-element elementor-element-a5dc813 elementor-widget elementor-widget-text-editor\" data-id=\"a5dc813\" data-element_type=\"widget\" data-widget_type=\"text-editor.default\">\n\t\t\t\t<div class=\"elementor-widget-container\">\n\t\t\t\t\t<div class=\"elementor-text-editor elementor-clearfix\"><p style=\"text-align: center;\">Es ist mir ein Herzensanliegen, vielen Menschen diesen heilsamen Seelen-Weg bekannt zu machen.<\/p><\/div>\n\t\t\t\t<\/div>\n\t\t\t\t<\/div>\n\t\t\t\t\t\t<\/div>\n\t\t\t\t\t<\/div>\n\t\t<\/div>\n\t\t\t\t\t\t\t\t<\/div>\n\t\t\t\t\t<\/div>\n\t\t<\/section>\n\t\t\t\t<section class=\"elementor-section elementor-top-section elementor-element elementor-element-7ef297d elementor-section-boxed elementor-section-height-default elementor-section-height-default\" data-id=\"7ef297d\" data-element_type=\"section\">\n\t\t\t\t\t\t<div class=\"elementor-container elementor-column-gap-default\">\n\t\t\t\t\t\t\t<div class=\"elementor-row\">\n\t\t\t\t\t<div class=\"elementor-column elementor-col-100 elementor-top-column elementor-element elementor-element-42e50d8\" data-id=\"42e50d8\" data-element_type=\"column\">\n\t\t\t<div class=\"elementor-column-wrap elementor-element-populated\">\n\t\t\t\t\t\t\t<div class=\"elementor-widget-wrap\">\n\t\t\t\t\t\t<div class=\"elementor-element elementor-element-d459649 elementor-widget elementor-widget-image\" data-id=\"d459649\" data-element_type=\"widget\" data-widget_type=\"image.default\">\n\t\t\t\t<div class=\"elementor-widget-container\">\n\t\t\t\t\t<div class=\"elementor-image\">\n\t\t\t\t\t\t\t\t\t\t<img width=\"1024\" height=\"768\" src=\"https:\/\/rosatheuer.com\/wp-content\/uploads\/2020\/10\/Kat-Ritual-1024x768.jpg\" class=\"attachment-large size-large\" alt=\"\" loading=\"lazy\" srcset=\"https:\/\/rosatheuer.com\/wp-content\/uploads\/2020\/10\/Kat-Ritual-1024x768.jpg 1024w, https:\/\/rosatheuer.com\/wp-content\/uploads\/2020\/10\/Kat-Ritual-300x225.jpg 300w, https:\/\/rosatheuer.com\/wp-content\/uploads\/2020\/10\/Kat-Ritual-768x576.jpg 768w, https:\/\/rosatheuer.com\/wp-content\/uploads\/2020\/10\/Kat-Ritual-1536x1152.jpg 1536w, https:\/\/rosatheuer.com\/wp-content\/uploads\/2020\/10\/Kat-Ritual-2048x1536.jpg 2048w\" sizes=\"(max-width: 1024px) 100vw, 1024px\" \/>\t\t\t\t\t\t\t\t\t\t\t<\/div>\n\t\t\t\t<\/div>\n\t\t\t\t<\/div>\n\t\t\t\t\t\t<\/div>\n\t\t\t\t\t<\/div>\n\t\t<\/div>\n\t\t\t\t\t\t\t\t<\/div>\n\t\t\t\t\t<\/div>\n\t\t<\/section>\n\t\t\t\t<section class=\"elementor-section elementor-top-section elementor-element elementor-element-abeebdb elementor-section-boxed elementor-section-height-default elementor-section-height-default\" data-id=\"abeebdb\" data-element_type=\"section\">\n\t\t\t\t\t\t<div class=\"elementor-container elementor-column-gap-default\">\n\t\t\t\t\t\t\t<div class=\"elementor-row\">\n\t\t\t\t\t<div class=\"elementor-column elementor-col-25 elementor-top-column elementor-element elementor-element-d697fd9\" data-id=\"d697fd9\" data-element_type=\"column\">\n\t\t\t<div class=\"elementor-column-wrap elementor-element-populated\">\n\t\t\t\t\t\t\t<div class=\"elementor-widget-wrap\">\n\t\t\t\t\t\t<div class=\"elementor-element elementor-element-3782dd4 elementor-widget elementor-widget-image\" data-id=\"3782dd4\" data-element_type=\"widget\" data-widget_type=\"image.default\">\n\t\t\t\t<div class=\"elementor-widget-container\">\n\t\t\t\t\t<div class=\"elementor-image\">\n\t\t\t\t\t\t\t\t\t\t<img width=\"1024\" height=\"981\" src=\"https:\/\/rosatheuer.com\/wp-content\/uploads\/2020\/10\/weisse-Rose-1024x981.jpg\" class=\"attachment-large size-large\" alt=\"\" loading=\"lazy\" srcset=\"https:\/\/rosatheuer.com\/wp-content\/uploads\/2020\/10\/weisse-Rose-1024x981.jpg 1024w, https:\/\/rosatheuer.com\/wp-content\/uploads\/2020\/10\/weisse-Rose-300x287.jpg 300w, https:\/\/rosatheuer.com\/wp-content\/uploads\/2020\/10\/weisse-Rose-768x736.jpg 768w, https:\/\/rosatheuer.com\/wp-content\/uploads\/2020\/10\/weisse-Rose-1536x1471.jpg 1536w, https:\/\/rosatheuer.com\/wp-content\/uploads\/2020\/10\/weisse-Rose-2048x1962.jpg 2048w\" sizes=\"(max-width: 1024px) 100vw, 1024px\" \/>\t\t\t\t\t\t\t\t\t\t\t<\/div>\n\t\t\t\t<\/div>\n\t\t\t\t<\/div>\n\t\t\t\t\t\t<\/div>\n\t\t\t\t\t<\/div>\n\t\t<\/div>\n\t\t\t\t<div class=\"elementor-column elementor-col-50 elementor-top-column elementor-element elementor-element-0debdbf\" data-id=\"0debdbf\" data-element_type=\"column\">\n\t\t\t<div class=\"elementor-column-wrap elementor-element-populated\">\n\t\t\t\t\t\t\t<div class=\"elementor-widget-wrap\">\n\t\t\t\t\t\t<div class=\"elementor-element elementor-element-176dd6d elementor-widget elementor-widget-text-editor\" data-id=\"176dd6d\" data-element_type=\"widget\" data-widget_type=\"text-editor.default\">\n\t\t\t\t<div class=\"elementor-widget-container\">\n\t\t\t\t\t<div class=\"elementor-text-editor elementor-clearfix\"><p>Von ganzem Herzen danke ich Dir, lieber Norbert, dass ich durch Dich den Ruf meiner Seele wahrnehmen konnte.<\/p><p>Herzensdank f\u00fcr Dein Wirken, f\u00fcr Dein Lehren und dass Du mich auf meinem Weg begleitest.<\/p><p>Rosa<\/p><\/div>\n\t\t\t\t<\/div>\n\t\t\t\t<\/div>\n\t\t\t\t\t\t<\/div>\n\t\t\t\t\t<\/div>\n\t\t<\/div>\n\t\t\t\t<div class=\"elementor-column elementor-col-25 elementor-top-column elementor-element elementor-element-f0a5f9e\" data-id=\"f0a5f9e\" data-element_type=\"column\">\n\t\t\t<div class=\"elementor-column-wrap elementor-element-populated\">\n\t\t\t\t\t\t\t<div class=\"elementor-widget-wrap\">\n\t\t\t\t\t\t<div class=\"elementor-element elementor-element-9f3427f elementor-widget elementor-widget-image\" data-id=\"9f3427f\" data-element_type=\"widget\" data-widget_type=\"image.default\">\n\t\t\t\t<div class=\"elementor-widget-container\">\n\t\t\t\t\t<div class=\"elementor-image\">\n\t\t\t\t\t\t\t\t\t\t<img width=\"295\" height=\"300\" src=\"https:\/\/rosatheuer.com\/wp-content\/uploads\/2020\/10\/Rose-magenta-295x300.jpg\" class=\"attachment-medium size-medium\" alt=\"\" loading=\"lazy\" srcset=\"https:\/\/rosatheuer.com\/wp-content\/uploads\/2020\/10\/Rose-magenta-295x300.jpg 295w, https:\/\/rosatheuer.com\/wp-content\/uploads\/2020\/10\/Rose-magenta-1006x1024.jpg 1006w, https:\/\/rosatheuer.com\/wp-content\/uploads\/2020\/10\/Rose-magenta-768x781.jpg 768w, https:\/\/rosatheuer.com\/wp-content\/uploads\/2020\/10\/Rose-magenta-1510x1536.jpg 1510w, https:\/\/rosatheuer.com\/wp-content\/uploads\/2020\/10\/Rose-magenta.jpg 1725w\" sizes=\"(max-width: 295px) 100vw, 295px\" \/>\t\t\t\t\t\t\t\t\t\t\t<\/div>\n\t\t\t\t<\/div>\n\t\t\t\t<\/div>\n\t\t\t\t\t\t<\/div>\n\t\t\t\t\t<\/div>\n\t\t<\/div>\n\t\t\t\t\t\t\t\t<\/div>\n\t\t\t\t\t<\/div>\n\t\t<\/section>\n\t\t\t\t<section class=\"elementor-section elementor-top-section elementor-element elementor-element-8d823fe elementor-section-boxed elementor-section-height-default elementor-section-height-default\" data-id=\"8d823fe\" data-element_type=\"section\">\n\t\t\t\t\t\t<div class=\"elementor-container elementor-column-gap-default\">\n\t\t\t\t\t\t\t<div class=\"elementor-row\">\n\t\t\t\t\t<div class=\"elementor-column elementor-col-100 elementor-top-column elementor-element elementor-element-b50a04a\" data-id=\"b50a04a\" data-element_type=\"column\">\n\t\t\t<div class=\"elementor-column-wrap elementor-element-populated\">\n\t\t\t\t\t\t\t<div class=\"elementor-widget-wrap\">\n\t\t\t\t\t\t<div class=\"elementor-element elementor-element-14225c7 elementor-widget elementor-widget-image\" data-id=\"14225c7\" data-element_type=\"widget\" data-widget_type=\"image.default\">\n\t\t\t\t<div class=\"elementor-widget-container\">\n\t\t\t\t\t<div class=\"elementor-image\">\n\t\t\t\t\t\t\t\t\t\t<img width=\"1024\" height=\"768\" src=\"https:\/\/rosatheuer.com\/wp-content\/uploads\/2020\/10\/Wolkenengel-1024x768.jpg\" class=\"attachment-large size-large\" alt=\"\" loading=\"lazy\" srcset=\"https:\/\/rosatheuer.com\/wp-content\/uploads\/2020\/10\/Wolkenengel-1024x768.jpg 1024w, https:\/\/rosatheuer.com\/wp-content\/uploads\/2020\/10\/Wolkenengel-300x225.jpg 300w, https:\/\/rosatheuer.com\/wp-content\/uploads\/2020\/10\/Wolkenengel-768x576.jpg 768w, https:\/\/rosatheuer.com\/wp-content\/uploads\/2020\/10\/Wolkenengel-1536x1152.jpg 1536w, https:\/\/rosatheuer.com\/wp-content\/uploads\/2020\/10\/Wolkenengel-2048x1536.jpg 2048w\" sizes=\"(max-width: 1024px) 100vw, 1024px\" \/>\t\t\t\t\t\t\t\t\t\t\t<\/div>\n\t\t\t\t<\/div>\n\t\t\t\t<\/div>\n\t\t\t\t\t\t<\/div>\n\t\t\t\t\t<\/div>\n\t\t<\/div>\n\t\t\t\t\t\t\t\t<\/div>\n\t\t\t\t\t<\/div>\n\t\t<\/section>\n\t\t\t\t\t\t<\/div>\n\t\t\t\t\t\t<\/div>\n\t\t\t\t\t<\/div>\n\t\t","protected":false},"excerpt":{"rendered":"<p>Die KOSMOVISION MAYA lebt! Die Kosmovision MAYA ist das Verm\u00e4chtnis der gro\u00dfen Weisen des MAYA-Volkes, die das Wissen \u00fcber die Zusammenh\u00e4nge von Kosmos und Mensch, vom g\u00f6ttlichen Ursprung der Sch\u00f6pfung und vom Weg der Menschheit bewahrt haben. Norbert Muigg ist Br\u00fcckenbauer, MAYA-Priester, Schamane, Heiler, Buchautor und Seelencoach. Auf einem alten Heiligen Platz im Hochland von [&hellip;]<\/p>\n","protected":false},"author":1,"featured_media":0,"parent":0,"menu_order":0,"comment_status":"closed","ping_status":"closed","template":"","meta":[],"_links":{"self":[{"href":"https:\/\/rosatheuer.com\/index.php?rest_route=\/wp\/v2\/pages\/167"}],"collection":[{"href":"https:\/\/rosatheuer.com\/index.php?rest_route=\/wp\/v2\/pages"}],"about":[{"href":"https:\/\/rosatheuer.com\/index.php?rest_route=\/wp\/v2\/types\/page"}],"author":[{"embeddable":true,"href":"https:\/\/rosatheuer.com\/index.php?rest_route=\/wp\/v2\/users\/1"}],"replies":[{"embeddable":true,"href":"https:\/\/rosatheuer.com\/index.php?rest_route=%2Fwp%2Fv2%2Fcomments&post=167"}],"version-history":[{"count":10,"href":"https:\/\/rosatheuer.com\/index.php?rest_route=\/wp\/v2\/pages\/167\/revisions"}],"predecessor-version":[{"id":576,"href":"https:\/\/rosatheuer.com\/index.php?rest_route=\/wp\/v2\/pages\/167\/revisions\/576"}],"wp:attachment":[{"href":"https:\/\/rosatheuer.com\/index.php?rest_route=%2Fwp%2Fv2%2Fmedia&parent=167"}],"curies":[{"name":"wp","href":"https:\/\/api.w.org\/{rel}","templated":true}]}}